[INFO] fetching crate susyp2p 0.7.0...
[INFO] checking susyp2p-0.7.0 against master#af3c6e733a40e671550e0f0f5aeecaa13772ba56 for pr-74989
[INFO] extracting crate susyp2p 0.7.0 into /workspace/builds/worker-8/source
[INFO] validating manifest of crates.io crate susyp2p 0.7.0 on toolchain af3c6e733a40e671550e0f0f5aeecaa13772ba56
[INFO] running `Command { std: "/workspace/cargo-home/bin/cargo" "+af3c6e733a40e671550e0f0f5aeecaa13772ba56" "read-manifest" "--manifest-path" "Cargo.toml", kill_on_drop: false }`
[INFO] started tweaking crates.io crate susyp2p 0.7.0
[INFO] finished tweaking crates.io crate susyp2p 0.7.0
[INFO] tweaked toml for crates.io crate susyp2p 0.7.0 written to /workspace/builds/worker-8/source/Cargo.toml
[INFO] running `Command { std: "/workspace/cargo-home/bin/cargo" "+af3c6e733a40e671550e0f0f5aeecaa13772ba56" "generate-lockfile" "--manifest-path" "Cargo.toml" "-Zno-index-update", kill_on_drop: false }`
[INFO] [stderr]     Blocking waiting for file lock on package cache
[INFO] running `Command { std: "/workspace/cargo-home/bin/cargo" "+af3c6e733a40e671550e0f0f5aeecaa13772ba56" "fetch" "--locked" "--manifest-path" "Cargo.toml", kill_on_drop: false }`
[INFO] [stderr]     Blocking waiting for file lock on package cache
[INFO] running `Command { std: "docker" "create" "-v" "/var/lib/crater-agent-workspace/builds/worker-8/target:/opt/rustwide/target:rw,Z" "-v" "/var/lib/crater-agent-workspace/builds/worker-8/source:/opt/rustwide/workdir:ro,Z" "-v" "/var/lib/crater-agent-workspace/cargo-home:/opt/rustwide/cargo-home:ro,Z" "-v" "/var/lib/crater-agent-workspace/rustup-home:/opt/rustwide/rustup-home:ro,Z" "-e" "SOURCE_DIR=/opt/rustwide/workdir" "-e" "CARGO_TARGET_DIR=/opt/rustwide/target" "-e" "CARGO_HOME=/opt/rustwide/cargo-home" "-e" "RUSTUP_HOME=/opt/rustwide/rustup-home" "-w" "/opt/rustwide/workdir" "-m" "1610612736" "--user" "0:0" "--network" "none" "rustops/crates-build-env@sha256:d92eaeed33fa75130ca1ee6c8a01d1ffb62bac859dfdfb3450e3e5d1c0146529" "/opt/rustwide/cargo-home/bin/cargo" "+af3c6e733a40e671550e0f0f5aeecaa13772ba56" "metadata" "--no-deps" "--format-version=1", kill_on_drop: false }`
[INFO] [stdout] 558e92f59194cc62d5ac43a26b6d37dab2f973322847b40977773b5b2c1289d5
[INFO] [stderr] WARNING: Your kernel does not support swap limit capabilities or the cgroup is not mounted. Memory limited without swap.
[INFO] running `Command { std: "docker" "start" "-a" "558e92f59194cc62d5ac43a26b6d37dab2f973322847b40977773b5b2c1289d5", kill_on_drop: false }`
[INFO] running `Command { std: "docker" "inspect" "558e92f59194cc62d5ac43a26b6d37dab2f973322847b40977773b5b2c1289d5", kill_on_drop: false }`
[INFO] running `Command { std: "docker" "rm" "-f" "558e92f59194cc62d5ac43a26b6d37dab2f973322847b40977773b5b2c1289d5", kill_on_drop: false }`
[INFO] [stdout] 558e92f59194cc62d5ac43a26b6d37dab2f973322847b40977773b5b2c1289d5
[INFO] running `Command { std: "docker" "create" "-v" "/var/lib/crater-agent-workspace/builds/worker-8/target:/opt/rustwide/target:rw,Z" "-v" "/var/lib/crater-agent-workspace/builds/worker-8/source:/opt/rustwide/workdir:ro,Z" "-v" "/var/lib/crater-agent-workspace/cargo-home:/opt/rustwide/cargo-home:ro,Z" "-v" "/var/lib/crater-agent-workspace/rustup-home:/opt/rustwide/rustup-home:ro,Z" "-e" "SOURCE_DIR=/opt/rustwide/workdir" "-e" "CARGO_TARGET_DIR=/opt/rustwide/target" "-e" "CARGO_INCREMENTAL=0" "-e" "RUST_BACKTRACE=full" "-e" "RUSTFLAGS=--cap-lints=forbid" "-e" "CARGO_HOME=/opt/rustwide/cargo-home" "-e" "RUSTUP_HOME=/opt/rustwide/rustup-home" "-w" "/opt/rustwide/workdir" "-m" "1610612736" "--user" "0:0" "--network" "none" "rustops/crates-build-env@sha256:d92eaeed33fa75130ca1ee6c8a01d1ffb62bac859dfdfb3450e3e5d1c0146529" "/opt/rustwide/cargo-home/bin/cargo" "+af3c6e733a40e671550e0f0f5aeecaa13772ba56" "check" "--frozen" "--all" "--all-targets" "--message-format=json", kill_on_drop: false }`
[INFO] [stderr] WARNING: Your kernel does not support swap limit capabilities or the cgroup is not mounted. Memory limited without swap.
[INFO] [stdout] ef03c1cffe832715d55df26b7709ae8dcf7c285c169c075b611409751496acca
[INFO] running `Command { std: "docker" "start" "-a" "ef03c1cffe832715d55df26b7709ae8dcf7c285c169c075b611409751496acca", kill_on_drop: false }`
[INFO] [stderr]    Compiling libc v0.2.77
[INFO] [stderr]     Checking cfg-if v0.1.10
[INFO] [stderr]    Compiling byteorder v1.3.4
[INFO] [stderr]    Compiling autocfg v1.0.1
[INFO] [stderr]    Compiling typenum v1.12.0
[INFO] [stderr]     Checking futures v0.1.29
[INFO] [stderr]     Checking lazy_static v1.4.0
[INFO] [stderr]    Compiling cc v1.0.26
[INFO] [stderr]    Compiling semver-parser v0.7.0
[INFO] [stderr]    Compiling maybe-uninit v2.0.0
[INFO] [stderr]     Checking rand_core v0.4.2
[INFO] [stderr]    Compiling proc-macro2 v1.0.21
[INFO] [stderr]    Compiling autocfg v0.1.7
[INFO] [stderr]     Checking slab v0.4.2
[INFO] [stderr]    Compiling unicode-xid v0.2.1
[INFO] [stderr]    Compiling syn v1.0.40
[INFO] [stderr]     Checking fnv v1.0.7
[INFO] [stderr]     Checking opaque-debug v0.2.3
[INFO] [stderr]     Checking byte-tools v0.3.1
[INFO] [stderr]    Compiling getrandom v0.1.15
[INFO] [stderr]    Compiling version_check v0.9.2
[INFO] [stderr]     Checking scopeguard v1.1.0
[INFO] [stderr]     Checking subtle v2.3.0
[INFO] [stderr]     Checking subtle v1.0.0
[INFO] [stderr]     Checking fake-simd v0.1.2
[INFO] [stderr]    Compiling failure_derive v0.1.8
[INFO] [stderr]     Checking quick-error v1.2.3
[INFO] [stderr]     Checking gimli v0.22.0
[INFO] [stderr]     Checking adler v0.2.3
[INFO] [stderr]    Compiling serde v1.0.116
[INFO] [stderr]     Checking ppv-lite86 v0.2.9
[INFO] [stderr]     Checking stable_deref_trait v1.2.0
[INFO] [stderr]     Checking keccak v0.1.0
[INFO] [stderr]     Checking rustc-demangle v0.1.16
[INFO] [stderr]     Checking object v0.20.0
[INFO] [stderr]     Checking opaque-debug v0.3.0
[INFO] [stderr]    Compiling protobuf v2.17.0
[INFO] [stderr]     Checking cpuid-bool v0.1.2
[INFO] [stderr]     Checking untrusted v0.6.2
[INFO] [stderr]     Checking scopeguard v0.3.3
[INFO] [stderr]     Checking arrayref v0.3.6
[INFO] [stderr]     Checking spin v0.5.2
[INFO] [stderr]     Checking signature v1.2.2
[INFO] [stderr]     Checking data-encoding v2.3.0
[INFO] [stderr]     Checking bs58 v0.2.5
[INFO] [stderr]     Checking zeroize v0.5.2
[INFO] [stderr]     Checking void v1.0.2
[INFO] [stderr]    Compiling pkg-config v0.3.18
[INFO] [stderr]    Compiling bitflags v1.2.1
[INFO] [stderr]    Compiling openssl v0.10.30
[INFO] [stderr]     Checking matches v0.1.8
[INFO] [stderr]     Checking tinyvec v0.3.4
[INFO] [stderr]    Compiling native-tls v0.2.4
[INFO] [stderr]    Compiling proc-macro2 v0.4.30
[INFO] [stderr]     Checking openssl-probe v0.1.2
[INFO] [stderr]    Compiling arrayvec v0.4.12
[INFO] [stderr]    Compiling crunchy v0.1.6
[INFO] [stderr]    Compiling memchr v2.3.3
[INFO] [stderr]     Checking percent-encoding v1.0.1
[INFO] [stderr]    Compiling unicode-xid v0.1.0
[INFO] [stderr]    Compiling syn v0.15.44
[INFO] [stderr]     Checking static_slice v0.0.3
[INFO] [stderr]     Checking nohash-hasher v0.1.3
[INFO] [stderr]     Checking termcolor v1.1.0
[INFO] [stderr]     Checking thread_local v1.0.1
[INFO] [stderr]     Checking rand_core v0.3.1
[INFO] [stderr]     Checking rand_jitter v0.1.4
[INFO] [stderr]     Checking block-padding v0.1.5
[INFO] [stderr]    Compiling semver v0.9.0
[INFO] [stderr]     Checking lock_api v0.3.4
[INFO] [stderr]     Checking humantime v1.3.0
[INFO] [stderr]     Checking miniz_oxide v0.4.1
[INFO] [stderr]     Checking owning_ref v0.4.1
[INFO] [stderr]    Compiling crossbeam-utils v0.7.2
[INFO] [stderr]    Compiling memoffset v0.5.5
[INFO] [stderr]    Compiling crossbeam-epoch v0.8.2
[INFO] [stderr]    Compiling rand_chacha v0.1.1
[INFO] [stderr]    Compiling rand_pcg v0.1.2
[INFO] [stderr]    Compiling rand v0.6.5
[INFO] [stderr]     Checking ed25519 v1.0.2
[INFO] [stderr]    Compiling generic-array v0.14.4
[INFO] [stderr]     Checking unicode-bidi v0.3.4
[INFO] [stderr]     Checking log v0.4.11
[INFO] [stderr]     Checking unicode-normalization v0.1.13
[INFO] [stderr]     Checking rand_xorshift v0.1.1
[INFO] [stderr]     Checking rand_hc v0.1.0
[INFO] [stderr]     Checking rand_isaac v0.1.1
[INFO] [stderr]     Checking tokio-sync v0.1.8
[INFO] [stderr]     Checking lock_api v0.1.5
[INFO] [stderr]    Compiling rustc_version v0.2.3
[INFO] [stderr]     Checking smallvec v0.6.13
[INFO] [stderr]    Compiling ring v0.14.6
[INFO] [stderr]    Compiling secp256k1 v0.12.2
[INFO] [stderr]    Compiling openssl-sys v0.9.58
[INFO] [stderr]    Compiling clear_on_drop v0.2.4
[INFO] [stderr]     Checking log v0.3.9
[INFO] [stderr]     Checking base64 v0.9.3
[INFO] [stderr]     Checking base64 v0.10.1
[INFO] [stderr]     Checking bigint v4.4.3
[INFO] [stderr]     Checking dns-parser v0.8.0
[INFO] [stderr]    Compiling quote v1.0.7
[INFO] [stderr]     Checking aho-corasick v0.7.13
[INFO] [stderr]    Compiling parking_lot_core v0.6.2
[INFO] [stderr]    Compiling parking_lot_core v0.4.0
[INFO] [stderr]    Compiling parking_lot v0.9.0
[INFO] [stderr]    Compiling snow v0.5.2
[INFO] [stderr]    Compiling quote v0.6.13
[INFO] [stderr]     Checking iovec v0.1.4
[INFO] [stderr]     Checking rand_os v0.1.3
[INFO] [stderr]     Checking rand v0.4.6
[INFO] [stderr]     Checking num_cpus v1.13.0
[INFO] [stderr]     Checking net2 v0.2.35
[INFO] [stderr]     Checking time v0.1.44
[INFO] [stderr]     Checking get_if_addrs v0.5.3
[INFO] [stderr]     Checking atty v0.2.14
[INFO] [stderr]     Checking mime v0.2.6
[INFO] [stderr]     Checking idna v0.1.5
[INFO] [stderr]     Checking generic-array v0.12.3
[INFO] [stderr]     Checking addr2line v0.13.0
[INFO] [stderr]     Checking tokio-executor v0.1.10
[INFO] [stderr]     Checking crossbeam-queue v0.2.3
[INFO] [stderr]     Checking bytes v0.4.12
[INFO] [stderr]     Checking futures-cpupool v0.1.8
[INFO] [stderr]     Checking rand_core v0.5.1
[INFO] [stderr]     Checking mio v0.6.22
[INFO] [stderr]     Checking regex v1.3.9
[INFO] [stderr]     Checking digest v0.8.1
[INFO] [stderr]     Checking block-buffer v0.7.3
[INFO] [stderr]     Checking crypto-mac v0.7.0
[INFO] [stderr]     Checking block-cipher-trait v0.6.2
[INFO] [stderr]     Checking stream-cipher v0.3.2
[INFO] [stderr]     Checking tokio-timer v0.2.13
[INFO] [stderr]     Checking tokio-current-thread v0.1.7
[INFO] [stderr]     Checking backtrace v0.3.50
[INFO] [stderr]     Checking crossbeam-deque v0.7.3
[INFO] [stderr]     Checking digest v0.9.0
[INFO] [stderr]     Checking block-buffer v0.9.0
[INFO] [stderr]     Checking rand_chacha v0.2.2
[INFO] [stderr]     Checking rand v0.3.23
[INFO] [stderr]     Checking url v1.7.2
[INFO] [stderr]     Checking blake2 v0.8.1
[INFO] [stderr]     Checking sha2 v0.8.2
[INFO] [stderr]     Checking sha-1 v0.8.2
[INFO] [stderr]     Checking sha3 v0.8.2
[INFO] [stderr]     Checking hmac v0.7.1
[INFO] [stderr]     Checking tokio-io v0.1.13
[INFO] [stderr]     Checking ctr v0.3.2
[INFO] [stderr]     Checking aes-soft v0.3.3
[INFO] [stderr]     Checking twofish v0.2.0
[INFO] [stderr]    Compiling curve25519-dalek v1.2.4
[INFO] [stderr]     Checking tokio-threadpool v0.1.18
[INFO] [stderr]     Checking sha2 v0.9.1
[INFO] [stderr]     Checking cuckoofilter v0.3.2
[INFO] [stderr]     Checking mio-uds v0.6.8
[INFO] [stderr]     Checking rand v0.7.3
[INFO] [stderr]     Checking hyper v0.10.16
[INFO] [stderr]     Checking aes-ctr v0.3.0
[INFO] [stderr]     Checking tokio-codec v0.1.2
[INFO] [stderr]     Checking rw-stream-sink v0.1.2
[INFO] [stderr]     Checking tokio-reactor v0.1.12
[INFO] [stderr]     Checking aio-limited v0.1.1
[INFO] [stderr]     Checking tokio-stdin-stdout v0.1.5
[INFO] [stderr]     Checking parking_lot v0.7.1
[INFO] [stderr]     Checking env_logger v0.6.2
[INFO] [stderr]     Checking unsigned-varint v0.2.3
[INFO] [stderr]     Checking tokio-fs v0.1.7
[INFO] [stderr]     Checking susy-multihash v0.1.1
[INFO] [stderr]     Checking multistream-select v0.4.0
[INFO] [stderr]     Checking tokio-tcp v0.1.4
[INFO] [stderr]     Checking tokio-uds v0.2.7
[INFO] [stderr]     Checking tokio-udp v0.1.6
[INFO] [stderr]     Checking tokio v0.1.22
[INFO] [stderr]     Checking yamux v0.2.2
[INFO] [stderr]     Checking tokio-dns-unofficial v0.4.0
[INFO] [stderr]     Checking tk-listen v0.2.1
[INFO] [stderr]    Compiling susyp2p-core-derive v0.7.0
[INFO] [stderr]     Checking x25519-dalek v0.5.2
[INFO] [stderr]     Checking susy-multiaddr v0.4.0
[INFO] [stderr]     Checking tokio-tls v0.2.1
[INFO] [stderr]     Checking websocket v0.22.4
[INFO] [stderr]    Compiling synstructure v0.12.4
[INFO] [stderr]    Compiling zeroize_derive v1.0.0
[INFO] [stderr]    Compiling asn1_der_derive v0.1.2
[INFO] [stderr]     Checking failure v0.1.8
[INFO] [stderr]     Checking asn1_der v0.6.3
[INFO] [stderr]     Checking zeroize v1.1.0
[INFO] [stderr]     Checking curve25519-dalek v3.0.0
[INFO] [stderr]     Checking ed25519-dalek v1.0.0
[INFO] [stderr]     Checking susyp2p-core v0.7.0
[INFO] [stdout] error[E0277]: the trait bound `rand::prelude::ThreadRng: rand_core::CryptoRng` is not satisfied
[INFO] [stdout]    --> /opt/rustwide/cargo-home/registry/src/github.com-1ecc6299db9ec823/susyp2p-core-0.7.0/src/identity/ed25519.rs:34:44
[INFO] [stdout]     |
[INFO] [stdout] 34  |         Keypair(ed25519::Keypair::generate(&mut rand::thread_rng()))
[INFO] [stdout]     |                                            ^^^^^^^^^^^^^^^^^^^^^^^ the trait `rand_core::CryptoRng` is not implemented for `rand::prelude::ThreadRng`
[INFO] [stdout]     | 
[INFO] [stdout]    ::: /opt/rustwide/cargo-home/registry/src/github.com-1ecc6299db9ec823/ed25519-dalek-1.0.0/src/keypair.rs:130:12
[INFO] [stdout]     |
[INFO] [stdout] 130 |         R: CryptoRng + RngCore,
[INFO] [stdout]     |            --------- required by this bound in `ed25519_dalek::Keypair::generate`
[INFO] [stdout] 
[INFO] [stdout] 
[INFO] [stdout] error[E0277]: the trait bound `rand::prelude::ThreadRng: rand_core::RngCore` is not satisfied
[INFO] [stdout]    --> /opt/rustwide/cargo-home/registry/src/github.com-1ecc6299db9ec823/susyp2p-core-0.7.0/src/identity/ed25519.rs:34:44
[INFO] [stdout]     |
[INFO] [stdout] 34  |         Keypair(ed25519::Keypair::generate(&mut rand::thread_rng()))
[INFO] [stdout]     |                                            ^^^^^^^^^^^^^^^^^^^^^^^ the trait `rand_core::RngCore` is not implemented for `rand::prelude::ThreadRng`
[INFO] [stdout]     | 
[INFO] [stdout]    ::: /opt/rustwide/cargo-home/registry/src/github.com-1ecc6299db9ec823/ed25519-dalek-1.0.0/src/keypair.rs:130:24
[INFO] [stdout]     |
[INFO] [stdout] 130 |         R: CryptoRng + RngCore,
[INFO] [stdout]     |                        ------- required by this bound in `ed25519_dalek::Keypair::generate`
[INFO] [stdout] 
[INFO] [stdout] 
[INFO] [stdout] error[E0599]: no method named `sign` found for struct `ed25519_dalek::Keypair` in the current scope
[INFO] [stdout]   --> /opt/rustwide/cargo-home/registry/src/github.com-1ecc6299db9ec823/susyp2p-core-0.7.0/src/identity/ed25519.rs:54:16
[INFO] [stdout]    |
[INFO] [stdout] 54 |         self.0.sign(msg).to_bytes().to_vec()
[INFO] [stdout]    |                ^^^^ method not found in `ed25519_dalek::Keypair`
[INFO] [stdout]    |
[INFO] [stdout]    = help: items from traits can only be used if the trait is in scope
[INFO] [stdout]    = note: the following trait is implemented but not in scope; perhaps add a `use` for it:
[INFO] [stdout]            `use ed25519_dalek::Signer;`
[INFO] [stdout] 
[INFO] [stdout] 
[INFO] [stdout] error[E0599]: no function or associated item named `from_bytes` found for struct `ed25519_dalek::Signature` in the current scope
[INFO] [stdout]    --> /opt/rustwide/cargo-home/registry/src/github.com-1ecc6299db9ec823/susyp2p-core-0.7.0/src/identity/ed25519.rs:103:29
[INFO] [stdout]     |
[INFO] [stdout] 103 |         ed25519::Signature::from_bytes(sig).map(|s| self.0.verify(msg, &s)).is_ok()
[INFO] [stdout]     |                             ^^^^^^^^^^
[INFO] [stdout]     |                             |
[INFO] [stdout]     |                             function or associated item not found in `ed25519_dalek::Signature`
[INFO] [stdout]     |                             help: there is an associated function with a similar name: `to_bytes`
[INFO] [stdout]     |
[INFO] [stdout]     = help: items from traits can only be used if the trait is in scope
[INFO] [stdout]     = note: the following trait is implemented but not in scope; perhaps add a `use` for it:
[INFO] [stdout]             `use ed25519_dalek::ed25519::signature::Signature;`
[INFO] [stdout] 
[INFO] [stdout] 
[INFO] [stdout] error[E0599]: no method named `verify` found for struct `ed25519_dalek::PublicKey` in the current scope
[INFO] [stdout]    --> /opt/rustwide/cargo-home/registry/src/github.com-1ecc6299db9ec823/susyp2p-core-0.7.0/src/identity/ed25519.rs:103:60
[INFO] [stdout]     |
[INFO] [stdout] 103 |         ed25519::Signature::from_bytes(sig).map(|s| self.0.verify(msg, &s)).is_ok()
[INFO] [stdout]     |                                                            ^^^^^^ method not found in `ed25519_dalek::PublicKey`
[INFO] [stdout]     |
[INFO] [stdout]     = help: items from traits can only be used if the trait is in scope
[INFO] [stdout]     = note: the following trait is implemented but not in scope; perhaps add a `use` for it:
[INFO] [stdout]             `use ed25519_dalek::Verifier;`
[INFO] [stdout] 
[INFO] [stdout] 
[INFO] [stdout] error[E0277]: the trait bound `rand::prelude::ThreadRng: rand_core::CryptoRng` is not satisfied
[INFO] [stdout]    --> /opt/rustwide/cargo-home/registry/src/github.com-1ecc6299db9ec823/susyp2p-core-0.7.0/src/identity/ed25519.rs:141:48
[INFO] [stdout]     |
[INFO] [stdout] 141 |         SecretKey(ed25519::SecretKey::generate(&mut rand::thread_rng()))
[INFO] [stdout]     |                                                ^^^^^^^^^^^^^^^^^^^^^^^ the trait `rand_core::CryptoRng` is not implemented for `rand::prelude::ThreadRng`
[INFO] [stdout]     | 
[INFO] [stdout]    ::: /opt/rustwide/cargo-home/registry/src/github.com-1ecc6299db9ec823/ed25519-dalek-1.0.0/src/secret.rs:169:12
[INFO] [stdout]     |
[INFO] [stdout] 169 |         T: CryptoRng + RngCore,
[INFO] [stdout]     |            --------- required by this bound in `ed25519_dalek::SecretKey::generate`
[INFO] [stdout] 
[INFO] [stdout] 
[INFO] [stdout] error[E0277]: the trait bound `rand::prelude::ThreadRng: rand_core::RngCore` is not satisfied
[INFO] [stdout]    --> /opt/rustwide/cargo-home/registry/src/github.com-1ecc6299db9ec823/susyp2p-core-0.7.0/src/identity/ed25519.rs:141:48
[INFO] [stdout]     |
[INFO] [stdout] 141 |         SecretKey(ed25519::SecretKey::generate(&mut rand::thread_rng()))
[INFO] [stdout]     |                                                ^^^^^^^^^^^^^^^^^^^^^^^ the trait `rand_core::RngCore` is not implemented for `rand::prelude::ThreadRng`
[INFO] [stdout]     | 
[INFO] [stdout]    ::: /opt/rustwide/cargo-home/registry/src/github.com-1ecc6299db9ec823/ed25519-dalek-1.0.0/src/secret.rs:169:24
[INFO] [stdout]     |
[INFO] [stdout] 169 |         T: CryptoRng + RngCore,
[INFO] [stdout]     |                        ------- required by this bound in `ed25519_dalek::SecretKey::generate`
[INFO] [stdout] 
[INFO] [stdout] 
[INFO] [stdout] error: aborting due to 7 previous errors
[INFO] [stdout] 
[INFO] [stdout] 
[INFO] [stdout] Some errors have detailed explanations: E0277, E0599.
[INFO] [stdout] 
[INFO] [stdout] For more information about an error, try `rustc --explain E0277`.
[INFO] [stdout] 
[INFO] [stderr] error: could not compile `susyp2p-core`.
[INFO] [stderr] 
[INFO] [stderr] To learn more, run the command again with --verbose.
[INFO] running `Command { std: "docker" "inspect" "ef03c1cffe832715d55df26b7709ae8dcf7c285c169c075b611409751496acca", kill_on_drop: false }`
[INFO] running `Command { std: "docker" "rm" "-f" "ef03c1cffe832715d55df26b7709ae8dcf7c285c169c075b611409751496acca", kill_on_drop: false }`
[INFO] [stdout] ef03c1cffe832715d55df26b7709ae8dcf7c285c169c075b611409751496acca
